+ 3. Let h be s(4). Let k = 9 - 3. Let y = k + h. Calculate the remainder when 9 is divided by y.
4
Let q(d) = d**3 - d**2 - 7*d + 5. What is the remainder when 95 is divided by q(4)?
20
Let q = 10 - 4. Let d be q/(-9) + 14/3. Suppose 0*v + 16 = d*u - 2*v, -4*u + 3*v = -20. What is the remainder when u is divided by 2?
0
Let g = -2 + 2. Let d(f) = f + 61. What is the remainder when d(g) is divided by 21?
19
Let f(g) = 2*g + 2 - 5*g + 5*g - 5*g. Let i(d) = -6*d + 3. Let s(a) = 5*f(a) - 3*i(a). Calculate the remainder when 55 is divided by s(6).
17
Let a be 4/10 + 4/(-10). Suppose a = 3*v - v - 42. Calculate the remainder when (61/4)/(46/(-8) + 6) is divided by v.
19
Suppose -u - u + 18 = 0. Suppose 0 = 2*v + 6 - 52. Calculate the remainder when v is divided by u.
5
Let n = 14 + 6. Suppose 5*m + n = 0, 0 = -4*f + m - 3*m + 212. What is the remainder when f is divided by 28?
27
Suppose v = 3 + 2. What is the remainder when 18/5 - (-2)/v is divided by ((-4)/6)/(56/(-24) + 2)?
0
Let y be 0/(-2 - -3) + 37. Suppose 5*l = 38 + y. What is the remainder when 43 is divided by l?
13
Suppose 0 = 4*p + 12, p - 60 = -3*q - 4*p. Calculate the remainder when q is divided by 4.
1
Suppose 0 = -0*q - 5*q. Suppose 4*o + 5 - 141 = q. What is the remainder when o is divided by 12?
10
Suppose p - 6 = -0. What is the remainder when p is divided by 4?
2
Let y = 9 + 2. Let c = 61 + -31. Calculate the remainder when c is divided by y.
8
Suppose -z + 5*o = -56, -5*z - 8*o + 3*o = -160. Suppose -u = 4*f - 54, 2*f - 2*u = 2*u + z. Let c = 28 - -11. What is the remainder when c is divided by f?
11
Let z = 6 - 3. What is the remainder when z is divided by 1?
0
Let t = 41 + -4. Let w = -5 - -34. Let f = -16 + w. Calculate the remainder when t is divided by f.
11
Suppose 2*x - i - 24 = -5*i, 5*i = 3*x + 8. Suppose -x*m = -2*m - 42. What is the remainder when 40 is divided by m?
19
Let z(m) = -9*m - 21. Calculate the remainder when z(-6) is divided by 10.
3
Suppose 46 = q + 25. Calculate the remainder when 31 is divided by q.
10
Let m(r) = -56*r**2 - 4*r. Let f(z) = z**2 - 6*z + 3. Let j be f(6). Let s be m(j). Calculate the remainder when s/(-15) - 4/10 is divided by 18.
16
Let a = 2 + 72. Let v = -43 + a. Suppose 50 = 5*z - 30. What is the remainder when v is divided by z?
15
Let l(v) = 7 + 15*v + 0 - 2*v**2 + 8. Let k(a) = -a**2 + 7*a + 7. Let f(p) = -7*k(p) + 3*l(p). What is the remainder when f(-3) is divided by 9?
8
Suppose -2*j - 27 + 149 = 0. Calculate the remainder when j is divided by 16.
13
Suppose 0 = -2*q - q + 5*c + 26, 5*q - 5*c = 60. Calculate the remainder when q is divided by 9.
8
Suppose 5*g - 5*a - 35 = 0, -5*g = -0*g - a - 35. What is the remainder when g is divided by 3?
1
Let j = 10 - -7. Suppose 3 = 4*l - j. Suppose f + 28 = 4*p + l*f, 5*p = 3*f + 75. Calculate the remainder when p is divided by 7.
5
Let h be 4 + (0 - -2) + -2. Suppose -45 = -h*j + j. Calculate the remainder when 275/j - 2/(-3) is divided by 10.
9
Suppose 9*j - 16*j + 931 = 0. What is the remainder when j is divided by 27?
25
Let p(u) = 4*u**2 - 19*u - 5. Calculate the remainder when p(6) is divided by 7.
4
Suppose -2*s + 43 = -3*w, 0*w + 3*w = 3*s - 57. Suppose s = 2*c - 6. Let b(g) = -2*g**2 - 12*g - 4. Calculate the remainder when c is divided by b(-5).
4
Let g(b) = b**2 - 9*b - 6. Suppose 0 = -p + 4, -5*p - 26 = -3*z - 4*p. What is the remainder when 9 is divided by g(z)?
1
Let m(w) be the first derivative of -w**4/4 - 120*w - 1. Let d be m(0). Calculate the remainder when 21 is divided by (2/6)/((-5)/d).
5
Let n(x) = x**3 + 7*x**2 - 13*x - 9. What is the remainder when n(-6) is divided by 55?
50
Suppose -3*j + 10 = j + l, -j + 5 = -l. Suppose 0*r + 45 = 4*b + r, -21 = -b + j*r. What is the remainder when 35 is divided by b?
11
Suppose 2*w + 2*w - 32 = 0. Calculate the remainder when 23 is divided by w.
7
Let q = -137 + 221. What is the remainder when q is divided by 44?
40
Suppose 45 - 187 = -2*z. Suppose -z = -4*m - 5*x, -5*m - 2*x + 5*x + 61 = 0. Calculate the remainder when 53 is divided by m.
11
Let o = 52 + -23. Suppose -6*k - 1 + 13 = 0. What is the remainder when o is divided by k/5*40/2?
5
Suppose -4*w - 47 = -s, 0 = -3*s + 3*w - 7*w + 61. Suppose 10 = 2*z + c, -4*c + 2*c = 8. What is the remainder when s is divided by z?
6
Let m = -7 + 28. Calculate the remainder when m is divided by 6.
3
Let o(w) = -13*w**3 - w**2 + w + 1. What is the remainder when 32 is divided by o(-1)?
8
Let q(l) = 4*l + 27. Let f(s) = -s - 7. Let h(o) = 9*f(o) + 2*q(o). Let c be h(-7). Calculate the remainder when -2 - (c - (0 + 32)) is divided by 11.
10
Suppose 4*f + 15 = 4*v + f, 4*f + 20 = v. Suppose -2*b - 3*o + 24 = v, -6 = -2*o + 2. Calculate the remainder when 10 is divided by b.
4
Let u(b) = 11*b + 21. What is the remainder when u(15) is divided by 27?
24
Suppose -5*k - 28 = -243. Suppose 3 = 2*m - 1. Suppose d = -m*d + 45. What is the remainder when k is divided by d?
13
Let u(a) = a**2 + 5*a - 9. Let s be u(5). What is the remainder when (2 - s/1)*-2 is divided by 27?
24
Calculate the remainder when 153/2 + -3 + 28/8 is divided by 20.
17
Suppose 4*c - 7*c + 6 = 0. Let k(i) = i**2 - 2 + i**3 - 2*i - 1 + 4 - 2. Calculate the remainder when 13 is divided by k(c).
6
Let h be (-10)/30 - (-14)/6. Suppose -h*y + 105 = y. Let o = -21 + y. What is the remainder when 40 is divided by o?
12
Suppose 3*h - 2*z = 58, h + 12*z - 7*z - 42 = 0. Calculate the remainder when h is divided by 10.
2
Suppose 164 = 4*o + 4*c, c = -c. Calculate the remainder when o is divided by 7.
6
Let w(z) = z**3 + 5*z**2 - z + 5. Let y be w(-5). Calculate the remainder when 28 is divided by y*1/2*3.
13
Let d(m) = 2*m + 3. Let z be d(-6). Let q(s) = -s**2 - 9*s + 6. What is the remainder when 11 is divided by q(z)?
5
Let s(r) = r**3 + 15*r**2 + 11*r - 18. Let x(v) = -v**3 + v**2 + 2*v - 2. Let n be x(3). What is the remainder when s(n) is divided by 13?
11
Let t(v) = -v**3 + 10*v**2 + 2*v. Let g be t(10). Let d be ((-56)/g)/(1/5). Calculate the remainder when 41 is divided by 0/1 - 1*d.
13
Let m(i) = -i**2 + 5*i + 2. Let k be m(3). Let s(y) = y**3 - 16*y**2 - 18*y + 20. What is the remainder when s(17) is divided by k/3 + 4/(-6)?
1
Let z(p) = 4*p + 0*p + 0*p - 3*p - 3. Let m be z(5). Suppose -m*d = d - 27. Calculate the remainder when 26 is divided by d.
8
Let j(h) = -14*h. Let m(i) = -41*i. Let v(y) = -17*j(y) + 6*m(y). Let w = -3 + 0. Calculate the remainder when v(w) is divided by 13.
11
Let o(z) = 26*z - 79. What is the remainder when o(7) is divided by 8?
7
Let k be 68/(-4)*2/(-2). Suppose -5*s - r + 58 = -2*r, s = 2*r + k. Calculate the remainder when 31 is divided by s.
9
Suppose -70 = -6*b - 4. Calculate the remainder when 17 is divided by b.
6
Suppose 43 = 4*c - 5*i, -3*c + 15 = 4*i + 6. Calculate the remainder when 62 is divided by c.
6
Suppose 5*z = v - 92, -4*z - z - v - 98 = 0. Let j be (8/(-20))/(1/170). Let f = z - j. Calculate the remainder when f is divided by 17.
15
Let n(f) = 9*f**2 + f - 1. Let p(t) = 7*t**3. Let s be p(-1). Let k(b) = -2*b + 2. Calculate the remainder when k(s) is divided by n(1).
7
Suppose 786 = 2*d + 2*g + 138, 2*g + 1599 = 5*d. Calculate the remainder when d is divided by 36.
33
Suppose -4*g = -g + 3*n - 15, -9 = -2*g - 3*n. Let y(u) = -u**2 + 6*u + 2. What is the remainder when y(g) is divided by 1?
0
Let b(l) = -5*l + 1. Let y(m) = -20*m + 4. Let p(f) = -9*b(f) + 2*y(f). What is the remainder when 38 is divided by p(3)?
10
Let j(k) = -k**2 + k + 12*k**2 + k**2. What is the remainder when 25 is divided by j(1)?
12
Let c = -169 - -181. Suppose 3*s + 2*j = 73, -2*s - 3*j + 36 = -s. What is the remainder when s is divided by c?
9
Suppose 2*n + 140 = 6*n. Suppose -t = -4*y + 268, y - 22 - 42 = t. Calculate the remainder when y is divided by n.
33
Let f(l) = -l**2 - l**2 + l**3 + l**2 - l - 3. What is the remainder when f(3) is divided by 7?
5
Let s be 10/45 + 76/(-18). Let y be 44/(-5) - 2/10. Let t = s - y. What is the remainder when 9 is divided by t?
4
Let r(u) = -u + 5. Let c = 1 - 3. Calculate the remainder when (3/c)/(3/(-56)) is divided by r(-5).
8
Let s(a) = -8*a**3 - 3*a**2 + a + 2. Suppose -2*b + k = -8, -5*b + 6*k + 22 = 4*k. Suppose 8 = 2*g - b*g. What is the remainder when s(